7442. Is h a composite number?
True
Let c be 1/6 + -2*284/(-48). Is 4/(-12) - (-3520)/c composite?
False
Let k(x) = -5*x + 37. Let q be k(-7). Let f = q + 242. Is f a prime number?
False
Let u(v) = 11937*v + 120. Let j be u(4). Suppose 5*y = 9*y - j. Is y prime?
False
Let h(k) = 186*k - 5. Let n be h(-6). Let x = -581 - n. Let d = x + -233. Is d prime?
True
Suppose 9*f + 17 = -46. Let a be f - 329 - (0 + 0). Let v = -135 - a. Is v a prime number?
False
Let p(u) = 93*u**2 - 14*u + 31. Let w be p(2). Suppose 370*l = w*l - 3355. Is l a composite number?
True
Suppose -60*u + 64*u + 112 = 0. Is (-12)/(-3)*(3 + (-14287)/u) a prime number?
True
Is (0/((-12 - -4)/(-4)) + 63977)/1 prime?
True
Suppose 19*c - 1652970 = -11*c. Is c prime?
False
Suppose -j - 4*d + 1601 + 354 = 0, 0 = 3*j + 5*d - 5865. Let c = j + -1210. Is c composite?
True
Suppose -m = 0, 9*r + m = 8*r. Suppose 4*x - 3257 - 1091 = r. Is x composite?
False
Is (41 + -43)*(-1)/2*117877 a prime number?
True
Let f be (3*4)/((-93)/62). Is (-3642794)/(-306) - f/18 a prime number?
False
Let f(s) = 4*s**2 + 21*s - 12. Let x be ((-21)/(-2))/7*2. Suppose 5*p + 70 - 19 = -x*z, 4*p - 85 = 5*z. Is f(z) composite?
False
Let v = 203 - 201. Suppose -4*b = 5*p - b - 23596, -v*b = 6. Is p composite?
False
Let g = 62 - 55. Let f(l) = 282*l - 15. Is f(g) a prime number?
False
Suppose -44*g + 4547867 = 3*d - 42*g, g = -2*d + 3031912. Is d composite?
True
Suppose -3*g = 21, 456*x - 3*g + 186335 = 460*x. Is x prime?
True
Let h(w) = -2*w**3 - 5*w**2 - 6*w + 9. Let f(z) = 3*z**3 + 9*z**2 + 11*z - 17. Let r(s) = 3*f(s) + 5*h(s). Let q be r(3). Let t(p) = -10*p + 11. Is t(q) prime?
True
Let b(g) = -553*g + 36. Suppose a = -12*a - 91. Is b(a) a composite number?
False
Suppose 91*h + 1946030 = 101*h - 1059540. Is h composite?
False
Let c = 96 + -26. Let h be (-1)/(-3 + 215/c). Is (h/(-3))/((-2)/(-291)) a composite number?
True
Suppose 850030 + 228828 = 42*q - 572036. Is q prime?
False
Let i(k) = 327*k**2 - 30*k + 371. Is i(10) prime?
True
Let f be (-1*(-7 + 6))/(1/1). Let x be (-1)/(1/(-7790)) + 1 + f. Suppose -4*q = 3*u - 2814 - 3419, 5*q = -3*u + x. Is q prime?
True
Let n = -21 + 31. Let k be ((-16)/(-6))/(n/30). Suppose k*m - 7*m - 587 = 0. Is m prime?
True
Is 21/(-13 + 11362/871) a prime number?
False
Suppose 5*r = u + 102672, u - 50553 - 31590 = -4*r. Let c = -13846 + r. Is c a prime number?
True
Let b(u) = 119447*u**2 + 172*u + 172. Is b(-1) a prime number?
True
Let g(o) = -3*o**3 + 3*o**2 - o + 16. Let b = 47 + -72. Let f be 15*((-1)/4)/(b/(-60)). Is g(f) a prime number?
False
Suppose -72*g + 5057557 = -6*g - 10575665. Is g prime?
True
Suppose 315*v - 143348363 = -82*v. Is v a prime number?
False
Let j = 384 + -373. Suppose -j*b + 14955 = 1150. Is b prime?
False
Let b = -422 - -429. Suppose 0 = -3*f + 4*k + 38591, 2*f = b*f + 2*k - 64353. Is f prime?
False
Suppose -23*v + 13*v + 40 = 0. Is 46404/(-8)*v/(-6) prime?
False
Suppose 4970*r = 4985*r - 1410. Suppose 821 + 592 = 3*y. Suppose o = -r + y. Is o prime?
False
Let u = 864 - -195. Let c = -50 + u. Is c prime?
True
Let i be 26/12 - (-1)/(-60)*10. Suppose d - 4*n = 4231, -d = -i*n + 188 - 4417. Is d a composite number?
True
Suppose 0 = -a + 3*z + 29, 0 = z + 7 - 4. Is 8902/a - 46/460 a composite number?
True
Let u(q) = -16*q**3 + 74*q**2 - 71*q - 96. Let o(m) = -3*m**3 + 15*m**2 - 14*m - 19. Let s(t) = -11*o(t) + 2*u(t). Let r be s(16). Let p = r - -54. Is p prime?
True
Is -147633*((-20)/(-2))/(-10) composite?
True
Suppose -5*b = -3*l + 1118948, 0 = 101*b - 96*b - 25. Is l a prime number?
False
Let n(i) = 109*i**3 - 15*i**2 + 114*i - 9. Is n(7) composite?
False
Let s(r) = -4*r - 2. Let g be s(-4). Suppose -15915 - 91647 = -g*i. Suppose -i + 127 = -4*m. Is m a composite number?
False
Let z(i) = -57060*i - 7503. Is z(-21) a composite number?
True
Is (-4)/50 + (-19 - 444739616/(-200)) composite?
False
Suppose -5*c = 2*j - 275035, 275060 = -193*c + 198*c - 3*j. Is c composite?
False
Suppose 0 = -12*q + 16*q - 20. Suppose q*c - 3*k + 1851 - 7296 = 0, 5*c = -k + 5445. Suppose -3*j = 6*j - c. Is j prime?
False
Let f = -382 + 535. Suppose 31 = 3*t - 2*o + o, -2*o = t - 8. Let y = f - t. Is y a composite number?
True
Suppose -11*g = -10*g. Suppose g = 3*p + 2*i - 2, 2*p - 4*i + 4 = -3*p. Suppose -4*d + 1051 = r - p*r, 2*r - d - 2138 = 0. Is r prime?
False
Let s(n) = -45*n**3 - 4*n**2 - 8*n - 77. Suppose 8*d = 15 - 63. Is s(d) a prime number?
True
Let i(d) = -8*d + 14. Let l be i(8). Let a be (18720/l)/(2/190). Is a/(-56) - (-1)/(-7) composite?
True
Let u(z) = 1310*z + 189. Let c(d) = 437*d + 62. Let t(h) = -17*c(h) + 6*u(h). Is t(27) a composite number?
False
Suppose 2*c + i = 47516, 34*i - 37*i - 71247 = -3*c. Is c composite?
True
Let r(q) = 173*q + 25. Let o(d) = -1. Let x(m) = -2*o(m) + r(m). Suppose 99 = -4*b + 115. Is x(b) prime?
True
Let i(a) = a**2 - 9*a + 24. Let v be i(5). Is (v/(-12))/((1/(-9543))/1) a prime number?
True
Suppose -5*k - 694 = j - 7776, -2*k - 5*j + 2842 = 0. Let m = k + 1289. Is m prime?
False
Suppose 4*x - 5*y = 6*x + 4, -3*x - 4*y + 1 = 0. Suppose 3*q - 32718 = -3*v, -3*v + 32708 = 2*q + x*q. Suppose 70*k = 73*k - v. Is k composite?
False
Let h(x) = -11 + 94 - 46*x - 8. Is h(-8) composite?
False
Suppose 5*m - 37 = f + 2*f, -2*f - 3 = m. Let b(h) = -m + 2 + 813*h + 1 + 0. Is b(3) prime?
True
Suppose 4*g = 2*g + 2*v - 18, 5*v = 2*g + 30. Let m(c) = 2*c + 15. Let q be m(g). Suppose -w + q*w - 620 = 0. Is w a prime number?
False
Suppose -5*y = 11*y - 21546141 + 1146829. Is y prime?
False
Let r(f) = 292*f - 19. Let h be r(7). Suppose 5*u = -3*k - h + 9008, -2*k - 4205 = -3*u. Is u a prime number?
True
Let p(c) = 179*c**2 - 18*c - 6. Let s = 142 - 135. Is p(s) a prime number?
False
Suppose -m + 4*q + 12641 = 0, -175*q + 179*q = 2*m - 25278. Is m composite?
False
Suppose j + 67161 = 2*c, 5*c - 167904 = -0*j + j. Suppose 5212 - c = -11*u. Is u composite?
False
Suppose 2*c = -3 + 9. Suppose -4*q - 3*i = -15, -4*i = -67*q + 66*q - 1. Suppose n + 5 = -0*n, -c*f - q*n + 771 = 0. Is f composite?
True
Is (1028525/(-350))/((-7)/406) + 2/(-7) composite?
False
Suppose 0 = -2*r + 313 - 223. Suppose -9*g + 8*g = -3*d + r, -g = -d + 17. Is d composite?
True
Suppose -2*r - 3 = r, r = 4*v - 640293. Is v a composite number?
False
Let z(b) = 84947*b**3 + 2*b**2 - 13*b + 11. Is z(1) a prime number?
True
Suppose 0 = 7*v - 14*v + 28. Suppose -v = -3*x + 5*x, -4*n = -x - 30294. Is n composite?
False
Suppose 3*i - 2*t = 44823 + 148956, 5*t = i - 64619. Is i prime?
False
Let t(r) = 67*r + 8. Let k(u) = u - 1. Let c = 49 + -50. Let o(v) = c*t(v) - k(v). Is o(-13) prime?
True
Let o(w) = -w**3 - 5*w**2 - w - 34. Let l be o(-6). Let x(b) = b**3 - 10*b**2 + 23*b - 26. Let a be x(l). Is -4 - a/(-9) - 18483/(-9) prime?
True
Let j = 27 + -17. Let b = j + -3. Suppose 7119 = b*y + 2*y. Is y prime?
False
Suppose 27*g - 29*g + 2*p + 559220 = 0, 4*p + 838827 = 3*g. Is g a prime number?
True
Let b = 351 + -348. Suppose -6*o + 22915 = -2*o + b*t, -3*o - 5*t + 17178 = 0. Is o prime?
False
Let a(p) = -20*p**3 - 12*p**2 - 14*p - 37. Let r be a(-8). Suppose -4*x + 8680 = -y - 10409, -2*x = -y - r. Is x a composite number?
True
Let v = 489 - 492. Is (15 - 13805/(-15))/((-2)/v) composite?
True
Suppose 59*t - m = 62*t - 885942, -295310 = -t + m. Is t a composite number?
False
Let w be -5 - (-338 - 1)*(-16)/24. Is (-42)/w - (-130522)/22 composite?
True
Suppose 3*g - 84663 = -3*v, -141095 = -5*g - 8*v + 5*v. Suppose -4*t + g = 4*t. Is t composite?
False
Let w = 185138 - 76281. Is w a composite number?
True
Let o(f) = 16*f**3 + 2*f**2 + 6*f - 1. Let h be o(4). Let v be 9*5/15 - -2. Suppose -4*m + 643 = -q + 4*q, -v*q - 3*m + h = 0. Is q a prime number?
False
Let o = 1979 + -7307. Let q be (o/15 + -2)*(-20)/4. Let j = q - 1233. Is j a composite number?
True
Suppose 5*v + 8 = -42. Let s = -356 + 351. Is (-2)/s + (22554/v)/(-9) composite?
False
Is (16 - 25 - (15385 - -3))/(1/(-1)) a prime number?
False
Let d(m) = -3844*m - 46. Let f be d(10). Is -1*(-12)/(-20) + f/(-35) a prime number?
False
Suppose 317*w = 274*w + 17089361. Is w prime?
True
Let z(y) = y**3 + 7*y**2 + 4*y + 1. Let s be z(-6). Let c(f) = -f**2 - 7*f + 19. Let r(j) = -2*j**2 - 14*j + 39. Let l(u) = 11*c(u) - 6*r(u). Is l(s) prime